{"id":1734,"date":"2023-01-12T09:58:42","date_gmt":"2023-01-12T12:58:42","guid":{"rendered":"https:\/\/peip.unp.edu.ar\/?page_id=1734"},"modified":"2024-08-19T08:29:16","modified_gmt":"2024-08-19T11:29:16","slug":"gobierno-y-gestion","status":"publish","type":"page","link":"https:\/\/dgsiac.unp.edu.ar\/?page_id=1734","title":{"rendered":"Gobierno y Gesti\u00f3n"},"content":{"rendered":"\n<p class=\"has-text-align-center\"><\/p><p class=\"has-text-align-center\"><\/p><p class=\"has-text-align-center\"><\/p><p class=\"has-text-align-center\"><\/p><p class=\"has-text-align-center\"><\/p><p class=\"has-text-align-center\"><\/p><p class=\"has-text-align-center\"><\/p><p class=\"has-text-align-center\"><\/p><p class=\"has-text-align-center\"><\/p><p class=\"has-text-align-center\"><\/p><p class=\"has-text-align-center\"><\/p><p class=\"has-text-align-center\"><\/p><p class=\"has-text-align-center\"><\/p><p class=\"has-text-align-center\"><\/p><p class=\"has-text-align-center\"><\/p><p class=\"has-text-align-center\"><\/p><p class=\"has-text-align-center\"><\/p><p class=\"has-text-align-center\"><\/p><p class=\"has-text-align-center\"><\/p><p class=\"has-text-align-center\"><\/p><p class=\"has-text-align-center\"><\/p><p class=\"has-text-align-center\"><\/p><p class=\"has-text-align-center\"><\/p><p>El estatuto de la UNPSJB indica con claridad cu\u00e1les son las funciones que debe desarrollar en tanto instituci\u00f3n de Educaci\u00f3n Superior, entre ellas la de gobernarse a s\u00ed misma. Los principios de la autonom\u00eda se encuentran expresados en el T\u00edtulo I, Art. No 3, Principios constitutivos en donde se expresa que \u201cdefine sus \u00f3rganos de gobierno estableciendo sus funciones y decidiendo sobre su integraci\u00f3n\u201d, quedando habilitado de esta manera un conjunto de representaciones, principios, instituciones, reglamentaciones, procesos, pr\u00e1cticas y mecanismos constituyentes de lo pol\u00edtico.<\/p>\n\n\n\n<p class=\"has-text-align-center\"><\/p><p class=\"has-text-align-center\"><\/p><p class=\"has-text-align-center\"><\/p><p class=\"has-text-align-center\"><\/p><p class=\"has-text-align-center\"><\/p><p class=\"has-text-align-center\"><\/p><p class=\"has-text-align-center\"><\/p><p class=\"has-text-align-center\"><\/p><p class=\"has-text-align-center\"><\/p><p class=\"has-text-align-center\"><\/p><p class=\"has-text-align-center\"><\/p><p class=\"has-text-align-center\"><\/p><p class=\"has-text-align-center\"><\/p><p class=\"has-text-align-center\"><\/p><p class=\"has-text-align-center\"><\/p><p class=\"has-text-align-center\"><\/p><p class=\"has-text-align-center\"><\/p><p class=\"has-text-align-center\"><\/p><p class=\"has-text-align-center\"><\/p><p class=\"has-text-align-center\"><\/p><p class=\"has-text-align-center\"><\/p><p class=\"has-text-align-center\"><\/p><p class=\"has-text-align-center\"><\/p><p class=\"has-text-align-center\"><\/p><p class=\"has-text-align-center\"><\/p><p class=\"has-text-align-center\"><\/p><p class=\"has-text-align-center\"><\/p><p class=\"has-text-align-center\"><\/p><p>Todo un conjunto de dispositivos que intentan articular una distribuci\u00f3n del poder seg\u00fan los objetos de transformaci\u00f3n (rectorado y facultades), los estamentos sociopol\u00edticos que gozan de derechos como ciudadanos universitarios (docentes, estudiantes, graduados y nodocentes), la representaci\u00f3n territorial (sedes) y de las organizaciones sociales de la regi\u00f3n (consejo social).<\/p>\n\n\n\n<p class=\"has-text-align-center\"><\/p><p class=\"has-text-align-center\"><\/p><p class=\"has-text-align-center\"><\/p><p class=\"has-text-align-center\"><\/p><p class=\"has-text-align-center\"><\/p><p class=\"has-text-align-center\"><\/p><p class=\"has-text-align-center\"><\/p><p class=\"has-text-align-center\"><\/p><p class=\"has-text-align-center\"><\/p><p class=\"has-text-align-center\"><\/p><p class=\"has-text-align-center\"><\/p><p class=\"has-text-align-center\"><\/p><p class=\"has-text-align-center\"><\/p><p class=\"has-text-align-center\"><\/p><p class=\"has-text-align-center\"><\/p><p class=\"has-text-align-center\"><\/p><p class=\"has-text-align-center\"><\/p><p class=\"has-text-align-center\"><\/p><p class=\"has-text-align-center\"><\/p><p class=\"has-text-align-center\"><\/p><p class=\"has-text-align-center\"><\/p><p class=\"has-text-align-center\"><\/p><p class=\"has-text-align-center\"><\/p><p class=\"has-text-align-center\"><\/p><p class=\"has-text-align-center\"><\/p><p class=\"has-text-align-center\"><\/p><p class=\"has-text-align-center\"><\/p><p class=\"has-text-align-center\"><\/p><p>La Universidad sostiene una pol\u00edtica de fortalecimiento institucional asociada al espacio social donde despliega sus funciones y actividades. Esta imbricaci\u00f3n debe permitir su inserci\u00f3n en los planes locales y regionales que contribuyen al desarrollo end\u00f3geno de las comunidades. De esta manera se promover\u00e1 un conocimiento situado, a partir de un di\u00e1logo directo con los agentes que comparten las mismas experiencias, que producir\u00e1 un efecto estructural potenciador sobre sobre la universidad y los grupos sociales patag\u00f3nicos.<\/p>\n\n\n\n<p class=\"has-text-align-center\"><\/p><p class=\"has-text-align-center\"><\/p><p class=\"has-text-align-center\"><\/p><p class=\"has-text-align-center\"><\/p><p class=\"has-text-align-center\"><\/p><p class=\"has-text-align-center\"><\/p><p class=\"has-text-align-center\"><\/p><p class=\"has-text-align-center\"><\/p><p class=\"has-text-align-center\"><\/p><p class=\"has-text-align-center\"><\/p><p class=\"has-text-align-center\"><\/p><p class=\"has-text-align-center\"><\/p><p class=\"has-text-align-center\"><\/p><p class=\"has-text-align-center\"><\/p><p class=\"has-text-align-center\"><\/p><p class=\"has-text-align-center\"><\/p><p class=\"has-text-align-left\"><\/p><p class=\"has-text-align-left\"><\/p><p class=\"has-text-align-left\"><\/p><p class=\"has-text-align-left\"><\/p><p class=\"has-text-align-left\"><\/p>\n\n\n\n<p class=\"has-text-align-left\"><\/p><p class=\"has-text-align-left\"><\/p><p class=\"has-text-align-left\"><\/p><p class=\"has-text-align-left\"><\/p><p class=\"has-text-align-left\"><\/p><p class=\"has-text-align-left\"><\/p><p class=\"has-text-align-left\"><\/p><p class=\"has-text-align-left\"><\/p><p class=\"has-text-align-left\"><\/p><p class=\"has-text-align-left\"><\/p><p class=\"has-text-align-left\"><\/p><p class=\"has-text-align-left\"><\/p><p class=\"has-text-align-left\"><\/p><p class=\"has-text-align-left\"><\/p><p class=\"has-text-align-left\"><\/p><p class=\"has-text-align-left\"><\/p><p class=\"has-text-align-left\"><\/p><p class=\"has-text-align-left\"><\/p><p class=\"has-text-align-left\"><\/p><p class=\"has-text-align-left\"><\/p><p class=\"has-text-align-left\"><\/p><p class=\"has-text-align-left\"><\/p><p class=\"has-text-align-left\"><\/p><p class=\"has-text-align-left\"><\/p><p class=\"has-text-align-left\"><\/p><p class=\"has-text-align-left\"><\/p>\n\n\n<style>.wp-show-posts-columns#wpsp-1748 {margin-left: -2em; }.wp-show-posts-columns#wpsp-1748 .wp-show-posts-inner {margin: 0 0 2em 2em; }<\/style><section id=\"wpsp-1748\" class=\" wp-show-posts\" style=\"\"><article class=\" wp-show-posts-single wpsp-clearfix post-1834 page type-page status-publish hentry\" itemtype=\"http:\/\/schema.org\/CreativeWork\" itemscope><div class=\"wp-show-posts-inner\" style=\"\"><div class=\"wpsp-read-more\"><a title=\"Lineamientos Gobierno y Gesti\u00f3n\" class=\"wp-show-posts-read-more\" href=\"https:\/\/dgsiac.unp.edu.ar\/?page_id=1834\">Leer m\u00e1s<\/a><\/div><\/div><!-- wp-show-posts-inner --><div class=\"wpsp-clear\"><\/div><\/article><\/section><!-- .wp-show-posts -->\n\n\n\n<div style=\"height:22px\" aria-hidden=\"true\" class=\"wp-block-spacer\"><\/div>\n\n\n\n<p><a href=\"https:\/\/dgsiac.unp.edu.ar\/?page_id=1519\">volver<\/a><\/p>\n\n\n<style>.wp-show-posts-columns#wpsp-1727 {margin-left: -2em; }.wp-show-posts-columns#wpsp-1727 .wp-show-posts-inner {margin: 0 0 2em 2em; }<\/style><section id=\"wpsp-1727\" class=\" wp-show-posts-columns wp-show-posts\" style=\"\"><article class=\" wp-show-posts-single post-2811 post type-post status-publish format-standard hentry category-gobges wpsp-col-6\" itemtype=\"http:\/\/schema.org\/CreativeWork\" itemscope><div class=\"wp-show-posts-inner\" style=\"\">\t\t\t\t\t\t<header class=\"wp-show-posts-entry-header\">\n\t\t\t\t\t\t\t<h2 class=\"wp-show-posts-entry-title\" itemprop=\"headline\"><a href=\"https:\/\/dgsiac.unp.edu.ar\/?p=2811\" rel=\"bookmark\">Documento definitivo<\/a><\/h2>\t\t\t\t\t\t<\/header><!-- .entry-header -->\n\t\t\t\t\t\t\t\t\t\t\t<div class=\"wp-show-posts-entry-content\" itemprop=\"text\">\n\t\t\t\t\t\t\t\n<p> <a href=\"https:\/\/docs.google.com\/document\/d\/1QC2R4_lJDVCc7FNLxpvLoKg7ALmiLt36\/edit?usp=sharing&amp;ouid=117784778429024081728&amp;rtpof=true&amp;sd=true\"> PDI Gobierno y Gesti\u00f3n definitivo<\/a><\/p>\n\n\n\n<p><\/p>\n\t\t\t\t\t\t<\/div><!-- .entry-content -->\n\t\t\t\t\t<div class=\"wp-show-posts-entry-meta wp-show-posts-entry-meta-below-post post-meta-stack\"><span class=\"wp-show-posts-posted-on wp-show-posts-meta\">\n\t\t\t\t\t<a href=\"https:\/\/dgsiac.unp.edu.ar\/?p=2811\" title=\"12:45\" rel=\"bookmark\"><time class=\"wp-show-posts-entry-date published\" datetime=\"2024-02-16T12:45:24-03:00\" itemprop=\"datePublished\">16\/02\/2024<\/time><time class=\"wp-show-posts-updated\" datetime=\"2024-03-15T12:07:57-03:00\" itemprop=\"dateModified\">15\/03\/2024<\/time><\/a>\n\t\t\t\t<\/span><\/div><\/div><!-- wp-show-posts-inner --><\/article><div class=\"wpsp-clear\"><\/div><\/section><!-- .wp-show-posts -->\n","protected":false},"excerpt":{"rendered":"<p>El estatuto de la UNPSJB indica con claridad cu\u00e1les son las funciones que debe desarrollar en tanto instituci\u00f3n de Educaci\u00f3n Superior, entre ellas la de gobernarse a s\u00ed misma. Los principios de la autonom\u00eda se encuentran expresados en el T\u00edtulo I, Art. No 3, Principios constitutivos en donde se expresa que \u201cdefine sus \u00f3rganos de&hellip; <br \/> <a class=\"read-more\" href=\"https:\/\/dgsiac.unp.edu.ar\/?p=2811\">Leer m\u00e1s<\/a><\/p>\n","protected":false},"author":101013,"featured_media":0,"parent":0,"menu_order":0,"comment_status":"closed","ping_status":"closed","template":"","meta":[],"_links":{"self":[{"href":"https:\/\/dgsiac.unp.edu.ar\/index.php?rest_route=\/wp\/v2\/pages\/1734"}],"collection":[{"href":"https:\/\/dgsiac.unp.edu.ar\/index.php?rest_route=\/wp\/v2\/pages"}],"about":[{"href":"https:\/\/dgsiac.unp.edu.ar\/index.php?rest_route=\/wp\/v2\/types\/page"}],"author":[{"embeddable":true,"href":"https:\/\/dgsiac.unp.edu.ar\/index.php?rest_route=\/wp\/v2\/users\/101013"}],"replies":[{"embeddable":true,"href":"https:\/\/dgsiac.unp.edu.ar\/index.php?rest_route=%2Fwp%2Fv2%2Fcomments&post=1734"}],"version-history":[{"count":30,"href":"https:\/\/dgsiac.unp.edu.ar\/index.php?rest_route=\/wp\/v2\/pages\/1734\/revisions"}],"predecessor-version":[{"id":2883,"href":"https:\/\/dgsiac.unp.edu.ar\/index.php?rest_route=\/wp\/v2\/pages\/1734\/revisions\/2883"}],"wp:attachment":[{"href":"https:\/\/dgsiac.unp.edu.ar\/index.php?rest_route=%2Fwp%2Fv2%2Fmedia&parent=1734"}],"curies":[{"name":"wp","href":"https:\/\/api.w.org\/{rel}","templated":true}]}}